t j(p) be the first derivative of 0*p - 31 - 1/2*p**2. Give j(4).
-4
Let c(l) = 6*l**3 - 11*l - 4. Let j = 73 - 70. Let f(t) = 7*t**3 - 14*t - 5. Let z(v) = j*f(v) - 4*c(v). What is z(-2)?
21
Suppose 6*u - 79 = 4*q - 57, -2*u - 6 = 2*q. Let o(p) = 6*p**2 + 6*p - 4. Determine o(u).
8
Let l be (-10)/14 - -1 - 1940/(-70). Let i(n) = -l + 5*n + 2*n - 3*n. Let t be i(7). Let p(u) = -u**2 + u - 14. Determine p(t).
-14
Let y be 2/5 - (-1 - 112/70). Let s(j) = 9 - 781*j**3 + 11*j - 777*j**3 - 11*j**2 + 1559*j**y. Give s(10).
19
Let d(n) = -n**3 - 12*n**2 - 3*n - 35. Suppose 849*j + 60 = 844*j. Determine d(j).
1
Let c(m) = -11*m + 5. Let j(n) = -5*n + 2. Let v(w) = 3*c(w) - 7*j(w). Let h be v(1). Let y(o) = -o + o**2 - 4*o**3 + o**3 + 5*o**3 + 2*o**h. Calculate y(1).
4
Let w(q) be the third derivative of q**4/4 - 55*q**3/6 - 2*q**2 - q + 1329. Calculate w(20).
65
Let m = 25578 + -25563. Let b(a) be the second derivative of -1/2*a**3 + m*a - 1/12*a**4 + 0 + a**2. What is b(-5)?
-8
Let f = -180 - -169. Let t(w) = 33*w**3 - 55*w**3 - 12*w**2 + 21*w**3 - 15 - 13*w. What is t(f)?
7
Let g(f) = f**2 - 2*f - 5. Suppose -11*p + 33*p + 88 = 0. What is g(p)?
19
Let d(b) = -2*b**2 - 8*b - 2. Let h(m) = -6*m**2 + 54*m - 113. Let x be h(6). Determine d(x).
-12
Suppose 0 = 4*z - w, 0 = 4*z - 2*w + 4*w. Suppose z = -4*c - 8*c - 36. Let l(f) = f**2 + 3 - 2*f + 0 - 4 + 3*f. Determine l(c).
5
Suppose -4*r - 4*c + 4 = 0, -4 + 3 = -r - 2*c. Let z(w) = -12 + w**2 - r + 22 - 7 + 2*w**2. Let b(m) = m - 5. Let q be b(7). Determine z(q).
14
Let j(z) = -5 + 3 - 3 + z**2 - 1 - 4*z. Let w be 293 - 286 - (1 + 1). Give j(w).
-1
Let u(c) be the third derivative of -c**6/24 + c**4/24 + c**3/3 - 2*c**2. Let v(s) = 3 - 15 + 5 + 8 + s**3. Let q(n) = -u(n) + 2*v(n). What is q(1)?
6
Suppose -9*p + 8*p - 4*t = 32, -4*t - 32 = -p. Let l(w) be the second derivative of p + 1/2*w**2 - 10*w - 1/6*w**4 + 1/6*w**3. What is l(2)?
-5
Let o(r) = 2*r + 5. Suppose -21*y + 6*y = -120. Suppose 0 = -y*b + 10*b - 12. What is o(b)?
17
Let i(n) = -n + 19. Let y(o) be the third derivative of -o**4/24 + 35*o**3/6 - 2*o**2 + 56. Let m(q) = 7*i(q) - 4*y(q). Calculate m(-6).
11
Let r be 4/9*((-57)/152*15)/((-45)/36). Let k(x) be the first derivative of 3*x**2/2 - x + 1. What is k(r)?
5
Let v be ((-8)/20)/(1/(-15)). Let z(b) = -16 + 3*b**2 + b + 15 + v*b**2. What is z(1)?
9
Let q(a) = -3*a**3 + 32*a**2 + 14*a - 19. Suppose 0 = -491*t + 2832 + 2569. Determine q(t).
14
Suppose -k + 3*r + 3 = 0, 5*k + 2*r + 7 = 6*r. Let z(u) be the second derivative of u**5/20 + u**4/4 - u**3/6 - 1610*u - 2. Calculate z(k).
3
Let s = 69 + -72. Let d be 7/s - (-8)/(-12). Let b(f) = 2 - 2*f + 1 - f**2 - 3. Give b(d).
-3
Let m(l) = -l + 4. Let g be m(6). Let z(j) = -2*j**2 + 42*j**3 + 33*j**3 - j + 0*j**2 - 75*j**3 - 2*j - j**3. Determine z(g).
6
Suppose 0 = 4*l - l + x - 496, 5*l - 2*x - 812 = 0. Let h = l + -163. Let z(a) = 2*a**2 + 0*a**2 - 2*a + 3*a. Calculate z(h).
3
Let q(l) be the first derivative of 29*l**3/3 - 3*l**2/2 - 2*l - 4057. What is q(-2)?
120
Let d be 1/(((-9)/6)/3). Let u(s) = 6 - 68*s**2 - 2*s + 134*s**2 + 4*s - 3 - 58*s**2. Calculate u(d).
31
Let t(y) be the first derivative of y**4/4 - 8*y**3/3 - 5*y**2 + 3*y + 136. Let p(l) = -l**3 + 6*l**2 + 10*l - 51. Let f be p(6). Give t(f).
-6
Let k(r) = 2*r - 3. Suppose 0 = -g - 5*p + 26, 11*g + 3*p = 6*g + 42. Let h(v) = -v**2 + 11*v - 17. Let t be h(g). Suppose 3*i = 22 - t. Determine k(i).
3
Let m(j) = j - 2. Let t = -133 + 131. Let u(v) = -2*v**2 + 8*v + 20. Let z be u(t). What is m(z)?
-6
Let g(m) = 343 + 304 + 217 + 40 - 85*m - 144. Calculate g(9).
-5
Let r(d) = d**3 + d + 50. Let w(m) = 108*m + 648. Let t be w(-6). What is r(t)?
50
Let q(p) = p**3 + 8*p**2 + 2*p + 9. Suppose 6*s - 13*s - 312 = 32*s. Give q(s).
-7
Suppose 0 = 4*o + 2*o - 72. Suppose 0 = 2*q - 6*q + o, 4*q + 28 = 4*a. Suppose 11 = -w + a. Let i(h) = -4*h + 1. What is i(w)?
5
Let d(c) = -c**3 + 5*c**2 - c + 3. Let z be (200/(-15))/(-5) - 2*1/(-6). Calculate d(z).
18
Let s(r) = -13*r**3 + 3*r**2 + 38*r + 39. Let f(l) = -2*l**3 - l**2 + 5*l + 8. Let m(z) = -6*f(z) + s(z). Let g = 17 + -7. Give m(g).
-29
Let q(n) = 11*n + 2. Let l(v) = -45*v - 9. Let a(x) = -5*l(x) - 21*q(x). Suppose -4*j - 62 + 74 = -3*c, 5*c - 49 = -j. Determine a(j).
-51
Let g(d) = d**2 - 7*d - 7. Let b(j) be the second derivative of -j**3 - 26*j + 0 - 3*j**2 + 1/6*j**4. Let o(w) = -6*b(w) + 5*g(w). Give o(-1).
-7
Let m(v) = 2*v + 6. Let y(b) = b**3 - 14*b**2 + 34*b - 15. Let k be y(11). Calculate m(k).
-2
Let y = -61 - 1. Let v = y + 69. Let x(h) = -18*h - v + 20*h + 0. Calculate x(5).
3
Let x(z) be the second derivative of 2*z**3/3 + 19*z**2/2 - 33*z - 81. Give x(-11).
-25
Let d(m) = -m**3 + 9*m**2 - 6*m - 6. Suppose -2*b + 0*b - 9*b = 0. Suppose -p = -b*p + n - 4, -3*p + 40 = -4*n. Calculate d(p).
10
Let q(p) = -5*p**2 + 4*p - 4. Let j(v) = -v**3 - 38*v**2 - 352*v + 3. Let t be j(-22). Calculate q(t).
-37
Let l = 92 - 93. Let a(o) = -2*o + 7. Let c be a(-3). Let f(x) = -19*x - c*x**3 + 20*x + 3 - 2. What is f(l)?
13
Let o(j) = 5*j. Let a(r) = -5*r + 58. Let k be a(6). Suppose 16*h + k = 9*h. What is o(h)?
-20
Let n(s) = 3*s - 1. Let c(x) = -2*x**3 - 20*x**2 + x + 14. Let y be c(-10). Suppose -4*a - 3*d = d - 16, y*a + 5*d = 21. Calculate n(a).
-4
Let c = -5 - -1. Let g(h) be the first derivative of 6*h + 191 + 5/2*h**2. Calculate g(c).
-14
Let c(f) = f**2 - f - 30. Suppose -3*x = -0*x - x. Suppose x*j + 0*j = 3*j. Determine c(j).
-30
Let r(y) = -21*y**2 + 5*y + 40. Let h(i) = 47*i**2 - 10*i - 83. Let g(z) = -4*h(z) - 9*r(z). Give g(8).
-4
Let k(d) = -d - 7. Let x = 75 + -149. Let z = 122 + -54. Let v = x + z. Give k(v).
-1
Let x(h) = -23*h**3 + 12*h**2 - 10*h + 185. Let g(u) = -11*u**3 - u**2 + 2*u - 1. Let i(c) = 2*g(c) - x(c). Give i(14).
9
Let o be (-2)/(-2)*-1 - 5/(-1). Let m be -1*o/4*-3. Suppose -f + 6 = m*q, -3*f = 3*q - 0*f - 6. Let z(p) = p**3 - 4*p**2 + p. What is z(q)?
-6
Let j(d) = d - 31. Suppose 431*u - 5565 - 9475 = -321*u. Give j(u).
-11
Let g(j) be the second derivative of j**4/12 - 19*j**3/6 + 5*j**2/2 - 739*j. Calculate g(19).
5
Let f(k) = -17*k - 78. Let l(n) = 5*n**3 + 9*n + 10. Let x be l(-1). What is f(x)?
-10
Let u = -3831/4 + 958. Let m(r) be the first derivative of -1/2*r**2 + 0*r**3 + 2*r - u*r**4 - 6. Determine m(2).
-8
Let y(a) = -6*a - 5. Let k(z) = -z - 1. Let n(h) = -4*k(h) + y(h). Let i(u) = -u**3 + 9*u**2 - 30*u + 181. Let x be i(8). Calculate n(x).
-11
Let n = -140 - -4. Let r = n - -126. Let z(a) = -a - 22. Give z(r).
-12
Let j(p) = 8*p + 2. Let d = -658 + 661. Suppose 3*n + 0 = 2*c + 11, -d*c = 3*n - 6. Calculate j(n).
26
Let b(j) = j**2 + 16*j - 7. Let w be (2 + -7)/(-5 + (-275)/(-66)). Let a(k) = -34*k + 188. Let v be a(w). Determine b(v).
-7
Let l(r) = r**2 + 41*r - 446. Let s be l(9). Let t(o) = 22*o - 99. What is t(s)?
-11
Let p(w) = -w**2 + w - 1. Let h(z) = 10*z**2 - 4*z + 6. Let l(o) = h(o) + 6*p(o). Suppose 6 = 234*c - 231*c + 4*x, 0 = -3*c + 3*x + 6. Calculate l(c).
20
Let b(j) be the third derivative of -j**4/12 + j**3/3 - 2*j**2. Let t = 102 + -47. Let v = t + -53. What is b(v)?
-2
Let r(d) be the third derivative of d**6/120 - 11*d**5/60 + d**4/6 + 11*d**3/6 - 10841*d**2. Determine r(10).
-49
Let h(x) be the second derivative of x**5/20 - 3*x**4/4 + x**3/6 + x**2/2 - 3491*x. What is h(9)?
10
Let k(o) be the third derivative of -o**4/6 - 23*o**3/6 - o**2 - 38. What is k(-12)?
25
Let u(w) = w**3 + 3 + 165265*w - 82633*w + 8*w**2 - 82639*w. Suppose -2*q + 7 - 25 = 0. Calculate u(q).
-15
Let j(k) be the third derivative of -1/4*k**4 - 7/6*k**3 + 0 + 22*k**2 - 1/120*k**6 + 7/60*k**5 + 0*k. Give j(6).
-7
Let s be ((-1068)/15)/(13/15 - 1). Let y(c) = 31*c - 533*c**3 + s*c**3 + 27*c**2 - 51 - 7*c. Let j be y(-26). Let a(x) = -10*x**3 - x**2 + x. Determine a(j).
-10
Let g(x) = -388 + 138 - x + 113 + 140. Suppose 2*t - 2*i + 16 = 0, 2*t + 4*i = t + 2. Let b be t/4*24/(-9). Calculate g(b).
-1
Let k(v) = -51 + 14 + 18918*v - 18922*v. Determine k(-5).
-17
Let f(s) = -s**3 + 2*s**2 + 2*s - 1. Let a(l) = 8*l - 14. Suppose 18 - 22 = -2*u. Let q be a(u). Suppose 3*h - 6 = 0, -3*h + 6 = -q*n + 2*h. Calculate f(n).
3
Let i(z) be the third derivative of z**6/120 - z**5/20 + z**3/3 + 14*z**2 - 17. Sup